Suppose 2*p = -2*c + 818, 9*c = 4*c + 3*p + 2037. Suppose 21 - 1 = 5*l. Suppose -l*k + 4*t + 844 = 0, 4*k - 2*k + 5*t = c. Is k prime?
False
Suppose -7*k + 162 = -5*k. Suppose 0 = -2*m + k + 3245. Is m composite?
False
Let n = 28545 + 8134. Is n a composite number?
True
Let x be (-3 - -2)*(-4)/14*7. Suppose -1189 - 273 = -5*b - 3*y, -1170 = -4*b - x*y. Is b a prime number?
True
Suppose 4*k - 36 - 40 = 0. Suppose 0 = 16*n - k*n. Suppose 5*w - 2944 + 79 = n. Is w composite?
True
Is (-1)/3 + (-983180)/(-123) prime?
True
Let b(i) = 779*i - 66. Let f(z) = -519*z + 44. Let d(m) = -5*b(m) - 8*f(m). Is d(19) a prime number?
True
Suppose 5*b + 5982 = -1448. Is ((-5)/(-5))/((-2)/b) prime?
True
Let s = -125 + 117. Let c(z) = 24*z**2 + 6*z - 23. Is c(s) a prime number?
False
Let a be 2*(2 - (0 + -2)). Suppose 3*k + 63 = -5*h + 362, a = 2*h. Suppose -4*z = -z - k. Is z a prime number?
True
Let a be 22/22 + (4/(-2) - -1). Suppose -5*u - 2*m - 2*m = -6851, 2*u - 5*m - 2747 = a. Is u a composite number?
True
Is ((-1)/(-24)*12)/(2/218884) a prime number?
True
Let t(a) = 2*a**3 + 5*a**2 - 18*a + 8. Is t(9) a prime number?
True
Suppose 2*p = 5*h - 8, -4*h - 3*p + p = 8. Suppose -f = -4*f - 4*n - 9, -4*f + 4*n + 16 = h. Let t(j) = 83*j**3 - 2*j + 1. Is t(f) a composite number?
True
Is 1/4 + 18321/12 composite?
True
Is (((-273)/2)/13)/((-9)/60474) a prime number?
False
Let b = 12750 - 8671. Is b a prime number?
True
Suppose 3*h + 287 = -3*c + 80, -h + 333 = -5*c. Let m be (-144 - -147)/(2/(-133 - -1)). Let j = c - m. Is j a prime number?
True
Suppose 21293 + 145417 = 30*i. Is i a composite number?
False
Let n = -595 + 848. Is n a prime number?
False
Let p be ((-80)/30)/((-2)/(-3)). Let v be (2/p)/(7/8148). Is -3 - 0 - v/3 a prime number?
True
Let o be (9 - 10)*-7*1. Suppose -o*x = -4*x + 2982. Let a = 1971 + x. Is a a composite number?
False
Let t = 239393 - 155710. Is t prime?
False
Let v(j) = -j**3 - 15*j**2 - 11*j + 26. Is v(-15) composite?
False
Let j(t) = 464*t**2 + 12*t + 49. Is j(-3) prime?
False
Let s(k) = -k**3 + 9*k**2 - 2*k - 1. Suppose 5*g - 4*b = 112, 2*b = 5*g + 4*b - 124. Suppose 6*o + g = 9*o. Is s(o) a composite number?
False
Let d = 200 - -284. Suppose x - 3*x = 6, 5*x = p - d. Is p composite?
True
Suppose -85 - 5 = -2*b. Suppose -b + 1238 = f. Is f prime?
True
Let t(a) = 12*a**2 + 3*a + 8. Let m(r) = -r**2 - 2*r - 2. Suppose 10 = -3*l + 1. Let k be m(l). Is t(k) composite?
False
Suppose -89*n = -92*n + 3489. Is n a composite number?
False
Is -5 + 10767*(-8)/(-6) prime?
False
Let a(g) = g**3 - 3*g**2 + 4*g - 2. Let w be a(2). Suppose -3*r + 4*v = -w*r - 737, 2891 = 4*r + 3*v. Let c = r + -499. Is c a composite number?
True
Let s(k) = 30*k**2 - 5 + 21*k - k**3 + 9 - 7*k**2. Is s(19) a prime number?
True
Suppose 1152 = 11*o - 5*o. Let s = 415 - o. Is s composite?
False
Let s = 3393 - -6515. Is s/6 - 1/9*3 a composite number?
True
Let f = 342547 - 230148. Is f a composite number?
True
Let v(k) = 29*k**2 + 3*k. Let u be v(-3). Let h = u - -191. Is h a composite number?
False
Suppose 204*i = 182*i + 239998. Is i composite?
False
Let n be -2 + (0 - 709) - 1. Let i = n + 1533. Is i a composite number?
False
Let p(i) be the third derivative of -407*i**6/720 + 3*i**4/8 - 4*i**2. Let w(m) be the second derivative of p(m). Is w(-1) a prime number?
False
Let q(a) = -a**3 + 10*a**2 + 5*a + 9. Suppose 0 = -5*o - 4*n + 80, -4*o + 95 = o + n. Suppose -2*c + o = 2*v, 3*v + 6 = 5*v. Is q(c) a prime number?
True
Let x = 16 - 12. Let p be -2*(138/x + 1). Let i = p - -104. Is i prime?
False
Suppose 2*g + 3*q = -2*q + 268, 2*g = -3*q + 260. Let c = 255 - g. Is c prime?
True
Let m = -342 + 174. Let u be (-6)/(-33) - m/44. Suppose 5*t - 22 = u*v - 262, 2*v = t + 114. Is v a composite number?
True
Let d(v) = 8*v**2 - 5*v - 10. Let f be d(-3). Suppose 18815 = 5*s - 2*q, -2*s + f = 2*q - 7435. Is s prime?
True
Let c = -1641 - -3626. Is c a prime number?
False
Let n(g) = 16*g**3 + 34*g**2 + 19*g - 60. Is n(17) a prime number?
False
Let y(u) = 2*u + 10. Let d be y(-5). Is 1740 - ((-68)/17 - (d - 3)) a composite number?
False
Let v(f) = f**3 - 2*f**2 - 8*f - 2. Suppose -5*p + g + 5 = 6*g, 4*p - g + 6 = 0. Let x be 2 + 0 + p - -6. Is v(x) prime?
False
Suppose 2*w - 4*d - 32838 = 0, 3*d = 2*w - 8557 - 24277. Is w a composite number?
False
Let a be (-3896)/(-14) - (96/56)/6. Suppose 5*j = a + 837. Is j prime?
True
Suppose 5*w = -5*d + 11540, w + w = d - 2308. Let q be (-6)/9 + d/(-12). Let f = q - -840. Is f a composite number?
False
Let z(d) = 28*d**2 + d + 5. Let p be z(-3). Suppose 575 + p = r. Is r a composite number?
False
Let k = 9 + -5. Suppose 35 = f + k. Is f prime?
True
Is (-515340)/(-49) + 15/(-105) a composite number?
True
Let n = -9 + 11. Suppose -4*v = n*v - 24. Suppose -2*p - 290 = -v*c, -c = 3*c + 2*p - 302. Is c a prime number?
False
Suppose 5*m - 2*k + k + 11 = 0, 5*k + 23 = -m. Let s be 2/(-4*m/18). Suppose -26 - 37 = -s*w. Is w a prime number?
False
Let w(k) = -k**3 + 7*k**2 + 8*k + 3. Let q be w(8). Let j be q + (3 - (4 + -2)). Suppose 2*o - d = 995, 0*o + 4*o - 2008 = -j*d. Is o a prime number?
True
Let t = -226 - -420. Suppose l - 2*l = -t. Is l a composite number?
True
Suppose g = 2*g - 14961. Is g a prime number?
False
Let u(k) = 15*k**3 - 4*k**2 + 3*k + 4. Is u(3) a composite number?
True
Suppose 23*n = 27*n - 20976. Suppose -16954 + n = -5*m. Is m a prime number?
False
Suppose -11*y + 460 = -y. Is y composite?
True
Suppose 5*m = -4*i + 21176 + 15797, -22189 = -3*m - 5*i. Is m prime?
True
Let h(p) = -4*p - 4. Let s be h(-3). Suppose 4*r - 8 = s. Let q(x) = 29*x + 11. Is q(r) prime?
True
Let o(w) be the first derivative of 3 - 29/2*w**2 - 15*w. Is o(-8) a composite number?
True
Suppose d + 5*x - 30064 = -6263, -2*d = -5*x - 47662. Suppose 19759 + d = 10*s. Is s a composite number?
True
Let m = 10445 + -6456. Is m composite?
False
Suppose -21*z = -13*z - 101096. Is z a composite number?
False
Suppose 5*d - 5*a - 57070 = 0, 11405 = d + 8*a - 6*a. Is d prime?
True
Let i be 0 + -1 + (4 - 773). Is i/(-25) + (-2)/(-10) a composite number?
False
Suppose -5*m = -145 + 5. Is (-3)/(-7) + 14464/m a composite number?
True
Let r(u) = -u**2 - 12*u - 6. Let l be r(-7). Let y = l + 656. Is y a composite number?
True
Suppose 2*s = 0, 134884 = 4*q - 7*s + 8*s. Is q composite?
False
Suppose 12 = 154*z - 148*z. Suppose 0 = p + 4*s - 6, -s + 10 = 4*p + s. Suppose 355 = p*m + b + z*b, 945 = 5*m - 4*b. Is m composite?
True
Let t(n) = -59*n**3 - n**2 - 3*n - 3. Suppose -3*v = -5*g + 4 - 5, -4*g - 5*v = 23. Let z be t(g). Suppose 3*p = -0*p + z. Is p a composite number?
False
Let g(n) = -n + 1. Let m(y) = y**2 + 9*y + 5. Let r(s) = -3*g(s) + m(s). Suppose 29*j - 32*j = -27. Is r(j) a prime number?
True
Let a = -3538 - -5385. Is a composite?
False
Suppose 9*g - 288488 = 141505. Is g a prime number?
True
Let o(g) = g**3 - 5*g**2 + 4*g - 15. Let z be o(7). Suppose 4*j + 139 = q, 4*j + 282 + z = 3*q. Is q a prime number?
True
Let d(c) = -551*c + 12. Is d(-1) composite?
False
Let s be (-2)/6 - (-2269)/3. Let t = s - 419. Is t a composite number?
False
Let y be -5*(-4 - 48/(-15)). Let k = 4 - y. Suppose 6*j + k*j - 7530 = 0. Is j a prime number?
False
Let m(o) = 28*o + 2. Suppose s - 3*y = 15, y = -2*s - 2*y - 15. Suppose s = -z + 3 - 1. Is m(z) composite?
True
Suppose -t = -h - 2*h - 5434, 0 = 5*t + 5*h - 27190. Is t a prime number?
True
Suppose 12*d - 131944 = 78308. Is d a prime number?
False
Let p = -128 + 132. Suppose -285 = -p*y + k, 6*k + 360 = 5*y + k. Is y a composite number?
False
Is (1/(-3) - (-4)/3)*7451 a prime number?
True
Let p(v) = 48*v**2 + 20*v - 51. Is p(5) a prime number?
True
Let q(u) be the first derivative of -u**4/4 - 4*u**3/3 + 2*u**2 - 4*u - 1. Let x(h) = h**3 + 44*h**2 + 38*h - 222. Let c be x(-43). Is q(c) prime?
False
Let o be 0/2 + (3 + 1 - 0). Is ((-7707)/(-18)*o)/((-10)/(-15)) composite?
True
Let y(p) = -p**3 + 4*p**2 - 3*p + 3. Let c be y(3). Suppose -4*j + j - 29 = -5*g, -27 = -3*g - c*j. Is g prime?
True
Suppose -10*k = 2*k - 372. Let t = 853 + -599. Let m = t - k. Is m a prime number?
True
Is -5 + (-812385)/(-28) - (-1)/4 prime?
True
Let n be 111*(-2)/(-9) - (-4)/(-6). Suppose n*o = 19*o + 1315. Is o a prime number?
True
Let x = 116 + 779. Supp